{"id":3649,"date":"2022-05-09T14:46:54","date_gmt":"2022-05-09T12:46:54","guid":{"rendered":"https:\/\/dilumio.com\/?post_type=jobs&#038;p=3649"},"modified":"2022-08-14T14:22:22","modified_gmt":"2022-08-14T12:22:22","slug":"interim-hr-professionals-gezocht-2","status":"publish","type":"jobs","link":"https:\/\/dilumio.com\/en\/jobs\/interim-hr-professionals-gezocht-2\/","title":{"rendered":"WANTED: Interim HR professionals"},"content":{"rendered":"<p><strong>NL:<\/strong> Ben jij een HR (interim) professional en sta jij open om de &#8220;next step&#8221; te zetten? Stuur ons dan een bericht dan maken wij heel graag een afspraak om nader kennis te maken!<\/p>\n<p>Wij worden voortdurend gevraagd voor hulp bij het plaatsen van HR professionals op het gebied van Instroom, Doorstroom en Uitstroom.<\/p>\n<p>Dus ben je een HR Change manager, HR-Recruiter, HR Generalist, HR-Specialist, HR Manager\/Director, HR Business Partner, HR-L&amp;D specialist, Salarisadministrateur of C&amp;B specialist?<br \/>\nSluit je aan bij ons netwerk en hopelijk tot binnenkort!<\/p>\n<p><em><strong>D:<\/strong> Sind Sie ein HR-(Interim-)Profi und bereit, den n\u00e4chsten Schritt zu machen? Dann schicken Sie uns eine Nachricht und wir vereinbaren gerne einen Termin, um uns n\u00e4her kennenzulernen!<\/em><\/p>\n<p><em>Wir werden st\u00e4ndig um Hilfe bei der Vermittlung von HR-Fachkr\u00e4ften im Bereich Zu- und Abfluss und Bef\u00f6rderung gebeten.<\/em><\/p>\n<p><em>Sind Sie also ein HR Change Manager, HR Recruiter, HR Generalist, HR Specialist, HR Manager\/Director, HR Business Partner, HR L&amp;D Specialist, Payroll Administrator oder C&amp;B Specialist?\u00a0<\/em><br \/>\n<em>Werden Sie Mitglied in unserem Netzwerk und hoffentlich bis bald!<\/em><\/p>\n<p><strong>ENG: <\/strong>Are you an HR (interim) professional and are you ready to take the &#8220;next step&#8221;? Send us a message and we will be happy to make an appointment to learn more about each other!<\/p>\n<p>We are constantly asked for help in placing HR professionals in all people related matters.<\/p>\n<p>So are you an HR Change manager, HR Recruiter, HR Generalist, HR Specialist, HR Manager\/Director, HR Business Partner, HR L&amp;D Specialist, Payroll Administrator or C&amp;B Specialist?<br \/>\nJoin our network and hopefully see you soon!<\/p>\n<p>CV\/Lebenslauf -&gt; loek.vandebroek@lumioleadership.com<\/p>\n<p>&nbsp;<\/p>\n","protected":false},"featured_media":0,"template":"","meta":{"_acf_changed":false,"footnotes":""},"class_list":["post-3649","jobs","type-jobs","status-publish","hentry","nextsteptalent_job-nederland","nextsteptalent_jobs-next-step-talent-group","nextsteptalent_talen-nederlands"],"acf":[],"yoast_head":"<!-- This site is optimized with the Yoast SEO plugin v26.6 - https:\/\/yoast.com\/wordpress\/plugins\/seo\/ -->\n<title>WANTED: Interim HR professionals - Lumio leadership<\/title>\n<meta name=\"robots\" content=\"index, follow, max-snippet:-1, max-image-preview:large, max-video-preview:-1\" \/>\n<link rel=\"canonical\" href=\"https:\/\/dilumio.com\/jobs\/interim-hr-professionals-gezocht-2\/\" \/>\n<meta property=\"og:locale\" content=\"en_US\" \/>\n<meta property=\"og:type\" content=\"article\" \/>\n<meta property=\"og:title\" content=\"WANTED: Interim HR professionals - Lumio leadership\" \/>\n<meta property=\"og:description\" content=\"NL: Ben jij een HR (interim) professional en sta jij open om de &#8220;next step&#8221; te zetten? Stuur ons dan een bericht dan maken wij heel graag een afspraak om nader kennis te maken! Wij worden voortdurend gevraagd voor hulp bij het plaatsen van HR professionals op het gebied van Instroom, Doorstroom en Uitstroom. Dus...\" \/>\n<meta property=\"og:url\" content=\"https:\/\/dilumio.com\/jobs\/interim-hr-professionals-gezocht-2\/\" \/>\n<meta property=\"og:site_name\" content=\"Lumio leadership\" \/>\n<meta property=\"article:modified_time\" content=\"2022-08-14T12:22:22+00:00\" \/>\n<meta name=\"twitter:card\" content=\"summary_large_image\" \/>\n<meta name=\"twitter:label1\" content=\"Est. reading time\" \/>\n\t<meta name=\"twitter:data1\" content=\"1 minute\" \/>\n<script type=\"application\/ld+json\" class=\"yoast-schema-graph\">{\"@context\":\"https:\/\/schema.org\",\"@graph\":[{\"@type\":\"WebPage\",\"@id\":\"https:\/\/dilumio.com\/jobs\/interim-hr-professionals-gezocht-2\/\",\"url\":\"https:\/\/dilumio.com\/jobs\/interim-hr-professionals-gezocht-2\/\",\"name\":\"WANTED: Interim HR professionals - Lumio leadership\",\"isPartOf\":{\"@id\":\"https:\/\/dilumio.com\/#website\"},\"datePublished\":\"2022-05-09T12:46:54+00:00\",\"dateModified\":\"2022-08-14T12:22:22+00:00\",\"breadcrumb\":{\"@id\":\"https:\/\/dilumio.com\/jobs\/interim-hr-professionals-gezocht-2\/#breadcrumb\"},\"inLanguage\":\"en-US\",\"potentialAction\":[{\"@type\":\"ReadAction\",\"target\":[\"https:\/\/dilumio.com\/jobs\/interim-hr-professionals-gezocht-2\/\"]}]},{\"@type\":\"BreadcrumbList\",\"@id\":\"https:\/\/dilumio.com\/jobs\/interim-hr-professionals-gezocht-2\/#breadcrumb\",\"itemListElement\":[{\"@type\":\"ListItem\",\"position\":1,\"name\":\"Home\",\"item\":\"https:\/\/dilumio.com\/en\/\"},{\"@type\":\"ListItem\",\"position\":2,\"name\":\"WANTED: Interim HR professionals\"}]},{\"@type\":\"WebSite\",\"@id\":\"https:\/\/dilumio.com\/#website\",\"url\":\"https:\/\/dilumio.com\/\",\"name\":\"Lumio leadership\",\"description\":\"\",\"potentialAction\":[{\"@type\":\"SearchAction\",\"target\":{\"@type\":\"EntryPoint\",\"urlTemplate\":\"https:\/\/dilumio.com\/?s={search_term_string}\"},\"query-input\":{\"@type\":\"PropertyValueSpecification\",\"valueRequired\":true,\"valueName\":\"search_term_string\"}}],\"inLanguage\":\"en-US\"}]}<\/script>\n<!-- \/ Yoast SEO plugin. -->","yoast_head_json":{"title":"WANTED: Interim HR professionals - Lumio leadership","robots":{"index":"index","follow":"follow","max-snippet":"max-snippet:-1","max-image-preview":"max-image-preview:large","max-video-preview":"max-video-preview:-1"},"canonical":"https:\/\/dilumio.com\/jobs\/interim-hr-professionals-gezocht-2\/","og_locale":"en_US","og_type":"article","og_title":"WANTED: Interim HR professionals - Lumio leadership","og_description":"NL: Ben jij een HR (interim) professional en sta jij open om de &#8220;next step&#8221; te zetten? Stuur ons dan een bericht dan maken wij heel graag een afspraak om nader kennis te maken! Wij worden voortdurend gevraagd voor hulp bij het plaatsen van HR professionals op het gebied van Instroom, Doorstroom en Uitstroom. Dus...","og_url":"https:\/\/dilumio.com\/jobs\/interim-hr-professionals-gezocht-2\/","og_site_name":"Lumio leadership","article_modified_time":"2022-08-14T12:22:22+00:00","twitter_card":"summary_large_image","twitter_misc":{"Est. reading time":"1 minute"},"schema":{"@context":"https:\/\/schema.org","@graph":[{"@type":"WebPage","@id":"https:\/\/dilumio.com\/jobs\/interim-hr-professionals-gezocht-2\/","url":"https:\/\/dilumio.com\/jobs\/interim-hr-professionals-gezocht-2\/","name":"WANTED: Interim HR professionals - Lumio leadership","isPartOf":{"@id":"https:\/\/dilumio.com\/#website"},"datePublished":"2022-05-09T12:46:54+00:00","dateModified":"2022-08-14T12:22:22+00:00","breadcrumb":{"@id":"https:\/\/dilumio.com\/jobs\/interim-hr-professionals-gezocht-2\/#breadcrumb"},"inLanguage":"en-US","potentialAction":[{"@type":"ReadAction","target":["https:\/\/dilumio.com\/jobs\/interim-hr-professionals-gezocht-2\/"]}]},{"@type":"BreadcrumbList","@id":"https:\/\/dilumio.com\/jobs\/interim-hr-professionals-gezocht-2\/#breadcrumb","itemListElement":[{"@type":"ListItem","position":1,"name":"Home","item":"https:\/\/dilumio.com\/en\/"},{"@type":"ListItem","position":2,"name":"WANTED: Interim HR professionals"}]},{"@type":"WebSite","@id":"https:\/\/dilumio.com\/#website","url":"https:\/\/dilumio.com\/","name":"Lumio leadership","description":"","potentialAction":[{"@type":"SearchAction","target":{"@type":"EntryPoint","urlTemplate":"https:\/\/dilumio.com\/?s={search_term_string}"},"query-input":{"@type":"PropertyValueSpecification","valueRequired":true,"valueName":"search_term_string"}}],"inLanguage":"en-US"}]}},"_links":{"self":[{"href":"https:\/\/dilumio.com\/en\/wp-json\/wp\/v2\/jobs\/3649","targetHints":{"allow":["GET"]}}],"collection":[{"href":"https:\/\/dilumio.com\/en\/wp-json\/wp\/v2\/jobs"}],"about":[{"href":"https:\/\/dilumio.com\/en\/wp-json\/wp\/v2\/types\/jobs"}],"version-history":[{"count":0,"href":"https:\/\/dilumio.com\/en\/wp-json\/wp\/v2\/jobs\/3649\/revisions"}],"wp:attachment":[{"href":"https:\/\/dilumio.com\/en\/wp-json\/wp\/v2\/media?parent=3649"}],"curies":[{"name":"wp","href":"https:\/\/api.w.org\/{rel}","templated":true}]}}

<p><strong>NL:</strong> Ben jij een HR (interim) professional en sta jij open om de &#8220;next step&#8221; te zetten? Stuur ons dan een bericht dan maken wij heel graag een afspraak om nader kennis te maken!</p>
<p>Wij worden voortdurend gevraagd voor hulp bij het plaatsen van HR professionals op het gebied van Instroom, Doorstroom en Uitstroom.</p>
<p>Dus ben je een HR Change manager, HR-Recruiter, HR Generalist, HR-Specialist, HR Manager/Director, HR Business Partner, HR-L&amp;D specialist, Salarisadministrateur of C&amp;B specialist?<br />
Sluit je aan bij ons netwerk en hopelijk tot binnenkort!</p>
<p><em><strong>D:</strong> Sind Sie ein HR-(Interim-)Profi und bereit, den nächsten Schritt zu machen? Dann schicken Sie uns eine Nachricht und wir vereinbaren gerne einen Termin, um uns näher kennenzulernen!</em></p>
<p><em>Wir werden ständig um Hilfe bei der Vermittlung von HR-Fachkräften im Bereich Zu- und Abfluss und Beförderung gebeten.</em></p>
<p><em>Sind Sie also ein HR Change Manager, HR Recruiter, HR Generalist, HR Specialist, HR Manager/Director, HR Business Partner, HR L&amp;D Specialist, Payroll Administrator oder C&amp;B Specialist? </em><br />
<em>Werden Sie Mitglied in unserem Netzwerk und hoffentlich bis bald!</em></p>
<p><strong>ENG: </strong>Are you an HR (interim) professional and are you ready to take the &#8220;next step&#8221;? Send us a message and we will be happy to make an appointment to learn more about each other!</p>
<p>We are constantly asked for help in placing HR professionals in all people related matters.</p>
<p>So are you an HR Change manager, HR Recruiter, HR Generalist, HR Specialist, HR Manager/Director, HR Business Partner, HR L&amp;D Specialist, Payroll Administrator or C&amp;B Specialist?<br />
Join our network and hopefully see you soon!</p>
<p>CV/Lebenslauf -&gt; loek.vandebroek@lumioleadership.com</p>
<p>&nbsp;</p>
